 greatest common factor of w and 112?
14
Let l be 15/(-3)*264/(-20). Let r = -4 - -26. What is the greatest common divisor of l and r?
22
Let u(t) = t. Let h(i) = 2*i**2 + 3*i + 2. Let n be h(-2). Let x be u(n). Suppose -x*d - 15 = -55. What is the highest common factor of d and 40?
10
Let v(d) = d + 9. Let p be v(13). Let w(z) = z**3 + 11*z**2 + 6*z + 15. Let f = 14 + -24. Let a be w(f). Calculate the highest common divisor of a and p.
11
Let g(h) = -2*h**3 + 12*h**2 + 18*h - 4. Suppose 0 = -10*d + 4*d + 42. Let r be g(d). Let c = 12 - 4. What is the highest common factor of c and r?
8
Let n be (-1)/3 + 14/(-3). Let u be (-404)/(-10) + 2/n. Suppose 209*j = 212*j - 15. What is the highest common factor of u and j?
5
Let t(g) = -57*g + 10*g + 1 - 93*g. Let v be t(-1). Calculate the greatest common factor of v and 47.
47
Let r = -474 - -574. What is the greatest common divisor of 160 and r?
20
Let t = 1275 - 1233. What is the highest common divisor of 39 and t?
3
Let j(w) = w + 13. Let t be j(-10). Let d be (-4)/t*1635/10. Let i be d/(-14) + (-3)/(-7). Calculate the greatest common factor of i and 16.
16
Let n(i) = -i**2 + 3*i + 76. Let j be n(-7). What is the greatest common divisor of 168 and j?
6
Suppose 0 = h - 5, -5*h - 5 = -3*q - 3*h. Let z(g) = g**2 + 3. Let i be z(q). Suppose i = -2*d + 9*d. Calculate the highest common factor of d and 4.
4
Suppose 0 = m + 4*m - 25. Let d(x) = -x**2 - 6*x. Let o be d(-5). Suppose -2*z + z + o = 5*s, 4*s = -5*z - 17. What is the greatest common divisor of m and s?
1
Let o be (18/4)/(3/4). Let s(q) = -q**3 + 7*q**2 - 2*q + 22. Let u be s(7). Suppose -u*h + 141 + 243 = 0. What is the greatest common factor of h and o?
6
Suppose -4*b + 7 + 13 = 0, -5*a = -2*b - 30. Calculate the greatest common factor of a and 184.
8
Suppose -4*b + 1236 - 276 = 0. What is the greatest common factor of b and 160?
80
Let v be (-26)/6*(-5 - -2). Let b = 13 - v. Suppose -3*g - 4*y + 652 = g, 4*g + y - 667 = b. What is the highest common divisor of 21 and g?
21
Suppose -3*x + 3*m - 3 = 0, 2*x + 0*m = m + 1. Suppose 59 = -x*n + 3*r, 5*r - 69 = -n + 3*n. Let w = -9 - n. What is the greatest common divisor of w and 143?
13
Let a = -305 - -331. What is the highest common divisor of 208 and a?
26
Let b be (-2709)/(-21)*(-201)/(-9). What is the highest common divisor of b and 43?
43
Let o = 63 - 31. Let g(y) = y**3 - 4*y**2. Let w be g(4). Let i be 0 + 64/(-10)*(-25 - w). Calculate the highest common factor of i and o.
32
Let b = -126 - -134. Suppose 3*h - 107 = -2*l + 25, -2*l - 4*h = -128. What is the greatest common divisor of b and l?
8
Suppose 120 = k + 3*t, 7*k + 248 = 9*k + 4*t. Let q be (-18)/((-9)/(-6) + -3). Calculate the greatest common factor of q and k.
12
Suppose -5*g = -115 + 5. Let u be 11/(g/(-12))*-1. Let i(j) = 11*j**3 + 2*j - 1. Let a be i(1). Calculate the highest common divisor of a and u.
6
Let u(j) = j**3 + 7*j**2 + 6*j + 44. Let k be u(-7). Let m be (-9 + (k - -2))*(-24)/15. Calculate the highest common factor of m and 4.
4
Let n = 23 - 6. Suppose 3*g + 2 = n. Suppose 4*d - 32 = -g*w, -1 = -w + 3. What is the greatest common factor of 9 and d?
3
Let m(f) = -4*f + 10. Let i be m(-5). Suppose 0 = 9*y - 51 - i. Calculate the greatest common divisor of y and 45.
9
Let p(a) = 5*a**3 - 35*a**2 + 12*a + 15. Let d be p(7). Calculate the highest common factor of d and 132.
33
Let p be ((-1)/2)/((-68)/7208). Calculate the highest common divisor of p and 2.
1
Let u be (2 + 2)/((-1)/(-6)). Let w be (-1 - -7)/(6/(-2) + 1). Let p = 9 - w. Calculate the highest common divisor of p and u.
12
Suppose 5*s = 4*y + 3*s - 150, 2*s = -y + 30. Calculate the highest common factor of 36 and y.
36
Suppose 3*h + 2*y - 6 = 0, 0 = 2*h + 5*y - 2 - 2. Suppose -h*p = -0*p - 12. Let k = 4 + p. What is the highest common factor of 40 and k?
10
Let y(m) = 52*m - 128. Let u be y(3). Let n(p) = p + 5*p**2 + 4*p - 2*p - p**3. Let j be n(4). Calculate the highest common divisor of u and j.
28
Let h(s) = s**3 + 4*s**2 - 3*s - 5. Let n be h(-3). Suppose -l - 2*l + 573 = 5*g, 5*l - 565 = -5*g. What is the highest common divisor of n and g?
13
Let x(i) = -i**3 - 2*i**2 + 6*i + 7. Let c be x(-5). Let m = -137 - -150. What is the greatest common factor of m and c?
13
Suppose s - 2 - 4 = 0. Suppose 57 = 5*l + 4*j, -5*j - 6 = -3*l + s. Let i = l + 66. Calculate the highest common divisor of 15 and i.
15
Let j = -7 + 13. Calculate the highest common divisor of 150 and j.
6
Let v(u) = -u**3 + 4*u**2 + 4*u + 5. Let n be v(5). Let w = n + 6. Suppose 5*q + 3*k - 78 = 4*k, -k + 57 = 4*q. What is the highest common factor of q and w?
3
Suppose 5*p - 36 + 6 = 0. Let j be 8/6*18/2. What is the highest common divisor of p and j?
6
Suppose 3*c - 520 = -10*c. Calculate the highest common factor of c and 64.
8
Suppose -900 = -11*q + 7*q. Suppose 4 = -0*a + a. Suppose 2*o = -5*c + 40, -a*o + 8*o - 94 = -3*c. Calculate the highest common factor of o and q.
25
Suppose 5*d = 2*d + 4*z + 859, -4*z = -4*d + 1152. Let a = 453 - d. What is the greatest common factor of a and 16?
16
Let h = 2963 - 2761. Calculate the greatest common divisor of h and 4.
2
Suppose -8 = -3*s + r, 0*s + 2*r = -4*s + 14. Suppose -2*u + 30 = s*u. Let q(t) = -8*t - 4. Let c be q(-1). Calculate the highest common divisor of c and u.
2
Let a(z) = 3*z**2 - 2*z - 1. Let u be a(2). Suppose 14 = u*w - 5*w. What is the greatest common factor of 7 and w?
7
Let u(s) = 5 + 26*s - 4 - 27*s + 2*s**2 + s**3. Let y be u(-2). Calculate the highest common factor of 3 and y.
3
Let q be -4*(1 + 1 - 68/16). Let i be 1/3 + 7/(-3). Let y = -1 - i. Calculate the greatest common divisor of y and q.
1
Let g be (-2 - 0 - 1) + 51 + 1. Let d = 7 + 0. What is the highest common divisor of g and d?
7
Suppose -i + 1 = 0, 13*o - 14*o = 2*i - 27. Suppose -1 = w, -799 = -4*u - 4*w + 3*w. What is the greatest common divisor of o and u?
25
Let a be (-2 - (-382)/(-3))*2730/(-260). Calculate the greatest common factor of 28 and a.
14
Let v(x) = -x**3 + 13*x**2 + 12*x - 18. Let w(h) = -13*h**3 + h. Let a = 3 - 4. Let k be w(a). Let m be v(k). Calculate the highest common factor of m and 30.
30
Let a = -53 + 43. Let d(c) = -c - 5. Let k be d(a). Calculate the highest common divisor of 20 and k.
5
Let g(l) = -l**2 + 8*l + 5. Let r be g(7). Suppose -5*a = s - 545, -2*a - 6*s + 226 = -4*s. What is the highest common divisor of r and a?
12
Suppose 0 = -9*z + 709 + 2063. What is the greatest common divisor of z and 84?
28
Suppose -a = -2*a + 33. Let y = -2008 - -2272. What is the greatest common factor of a and y?
33
Let u = -231 - -284. What is the greatest common divisor of 53 and u?
53
Let b = -3 + 7. Suppose v + 2*u - 28 = 0, 0*v + 4*v - 92 = -b*u. Suppose -j = -26 - v. What is the greatest common divisor of 4 and j?
4
Suppose 5*h - 2 = 5*w + 3, -4*h + 5*w = -7. Let a be (-7 - (1 + -2))*h. Let t be (-9)/2*1888/(-177). What is the greatest common factor of a and t?
12
Let a be (-6)/(2/13 - (-670)/(-4160)). What is the highest common divisor of a and 64?
64
Suppose 3*d + l - 63 = 0, 8*d - 4*l = 3*d + 105. Let v be 258/d + 2/(-7). Suppose -f - 4 = -v. What is the highest common divisor of 56 and f?
8
Let s = 12 + -7. Let n(h) = h**2 - 5*h + 6. Let m be n(s). What is the highest common divisor of 10 and m?
2
Suppose c = -2*c - 18. Let g = -4 - c. Suppose -g = -o + 2. Calculate the greatest common divisor of 8 and o.
4
Suppose j - 2*x + 6*x = 45, -5*j - 2*x = -243. Suppose 3*n = -2*q - 28, 4*n + 7*q = 2*q - j. Let s = 151 + n. Calculate the greatest common factor of 29 and s.
29
Suppose -v + 5*f = -33 - 113, 4*v - 3*f - 635 = 0. Calculate the greatest common factor of 14 and v.
7
Let c be (30 + -62)*(-6)/3. What is the greatest common divisor of c and 10?
2
Suppose 7*s = 5*s + 4*c - 96, -4*c - 240 = 5*s. Let g(k) = -k**3 + 4*k**2 + 2*k. Let v be g(4). Let h = v - s. Calculate the highest common factor of h and 8.
8
Suppose 2*l - 5*h = 47, -h = -4*l + 5*l - 20. Suppose 0 = 21*u - 16*u, -4*u - 70 = -2*k. What is the greatest common divisor of l and k?
7
Let h = -948 - -1058. What is the highest common divisor of h and 242?
22
Let a = 26 + 34. Suppose a = -11*h + 225. Calculate the highest common factor of 255 and h.
15
Let c = -1565 - -1579. W